064 = 0. What is the highest common factor of q and u?
7
Let d(v) = v**2 - 14*v + 16. Let h be d(12). Let t = -2 - h. Suppose -8*r = -t*r - 304. What is the greatest common factor of r and 19?
19
Suppose 5 = 4*w + w. Let h = -53 - -58. What is the highest common divisor of w and h?
1
Let f be 12/(-8) - (-1 + 7/(-2)). Calculate the highest common factor of f and 15.
3
Suppose 3*a + q = -0*a + 150, -4*q - 233 = -5*a. Suppose 66 = k + a. Calculate the highest common factor of k and 136.
17
Suppose 4*m + 4*u = 2*m + 18, 2*u = -5*m + 13. What is the highest common factor of 5 and m?
1
Let k be (-27)/(-36) + (-29)/(-4). Let s be 3 + 1 - k - -269. Let i = 380 - s. Calculate the greatest common factor of i and 23.
23
Suppose 864 = -90*b + 102*b. Calculate the highest common factor of 40 and b.
8
Let y(x) be the third derivative of x**5/12 - 3*x**4/8 - x**2. Suppose -13 = 20*w - 133. Let c be y(w). What is the highest common divisor of 14 and c?
14
Let f = -71 - -99. Let p = f + -24. What is the greatest common divisor of p and 32?
4
Let d(k) = 3*k**2 + 3*k - 32. Let l(p) = 2*p**2 + p - 16. Let r(i) = -3*d(i) + 5*l(i). Let a be r(3). Calculate the highest common divisor of a and 39.
13
Let a be (1 - (-13)/(-2))*(5 - 135). Calculate the highest common divisor of 65 and a.
65
Suppose -14 - 10 = -8*x. Suppose -3*s = -5*p + 153, -65 = -x*p - 3*s + 46. What is the greatest common factor of p and 33?
33
Let l be ((-7130)/(-20) + -4)*(-2)/(-3). Calculate the greatest common factor of 141 and l.
47
Let b = -3 - -78. Suppose 2*j = 5*j - 75. What is the greatest common factor of j and b?
25
Let i = 342 + -242. What is the greatest common divisor of 4 and i?
4
Let d(m) = 3*m**3 + m**2 - m - 2. Let j(o) = o**3 + 7*o**2 - 18*o + 2. Let t be j(-9). Let z be d(t). Calculate the highest common factor of 36 and z.
12
Let o = 8 - 2. Suppose 4*z = 3*d + o*z - 12, -d = 5*z + 9. What is the highest common factor of d and 30?
6
Let w be 1273/15 - 10/(-75). What is the greatest common divisor of 5 and w?
5
Suppose -4 = 2*t - 4*t, 5*t = c - 557. What is the greatest common divisor of c and 81?
81
Suppose 0 = 3*m - d - 1, 4*m - 2*d - 3 = -1. Suppose 5*o - 144 - 521 = m. Calculate the greatest common factor of 19 and o.
19
Let p = -64 - -66. Let w(x) = 14*x**2 + 3*x - 3*x. Let r be w(1). What is the greatest common divisor of r and p?
2
Suppose 0 = -4*d + 718 + 1042. Let y(r) = r**2 - 8*r + 20. Let t be y(10). What is the greatest common factor of d and t?
40
Let f = -68 + 82. Calculate the highest common divisor of f and 1246.
14
Let l = 47 + -45. Suppose -5*k + l + 3 = 0. What is the highest common factor of k and 1?
1
Let o be (1128/(-470))/(2*1/(-15)). Let g(y) = -y**3 + 10*y**2 - 13*y + 12. Let n be g(8). Calculate the greatest common factor of n and o.
18
Let t(h) = -3*h**3 + h**2 + 3*h + 3. Let n be t(-2). Suppose -4*w + n = 2*z - 9, -9 = w - 3*z. What is the highest common factor of 48 and w?
6
Let c = 19 + -14. Suppose -2*b - 3*l - c = -7*b, -4 = -4*b - 2*l. Let w be (15/9)/(b/9). What is the greatest common factor of w and 135?
15
Suppose -3*p + 40 = -2. Let a(n) = -236*n - 6. Let f(g) = -47*g - 1. Let t(d) = -3*a(d) + 14*f(d). Let x be t(3). What is the highest common divisor of x and p?
14
Suppose -128 = -53*z + 50*z + 4*r, 0 = -2*z + 5*r + 83. Calculate the greatest common divisor of 22 and z.
22
Let c(d) = 20*d**2 - 20*d + 8. Let r be c(6). Suppose -27*m = -31*m + r. What is the greatest common factor of m and 38?
38
Let r(g) = g**3 - 3*g**2 + g - 6. Let p be r(5). Let n be ((-100)/5)/(2/(-4)). Let l be (56/n)/(1/5). Calculate the greatest common divisor of p and l.
7
Let f = -14 + 15. Let r = 4 + -3. Calculate the greatest common factor of r and f.
1
Let i(s) = -2*s + 18. Let n be i(8). Suppose n*v + 32 = 90. Calculate the highest common factor of v and 261.
29
Suppose -c + 2*p + 42 = 0, -4*p + p + 135 = 3*c. Let x(q) = 22*q. Let o be x(7). Calculate the highest common factor of o and c.
22
Let v = -37 - -163. Let b(c) = 3*c**2 + 22*c - 2. Let i be b(-8). What is the highest common factor of v and i?
14
Suppose 5*i - 9*k = -12*k + 19, k - 9 = -3*i. Calculate the greatest common divisor of i and 318.
2
Suppose -11*q + 25*q = 434. Calculate the highest common factor of q and 899.
31
Suppose 94*c = 102*c - 1728. Calculate the highest common divisor of 264 and c.
24
Let w be (2/5 + (-1560)/(-100))*1. Calculate the highest common divisor of 4 and w.
4
Let u be 0/(4 - 2) + 12. Let d be (-1767)/(-21) - (24/21 - 1). Calculate the highest common divisor of u and d.
12
Suppose 5*l = 5*a - 220, -3*a = -5*l - 83 - 47. Let d be 4/(12/9)*-1. Let k be (10/d)/(6/(-9)). What is the highest common factor of k and a?
5
Suppose 22 - 14 = j. Let b be (-6)/j - (-4815)/36. What is the greatest common divisor of b and 19?
19
Suppose -d + 30 - 103 = -4*m, 0 = -3*m - 4*d + 31. Calculate the highest common divisor of 153 and m.
17
Suppose -3*y + 0*y + 4*d + 207 = 0, 5*d - 15 = 0. What is the highest common divisor of 292 and y?
73
Let m(a) = -8*a**3 - 3*a**2 + 2*a - 3. Let q be m(-3). Let s(w) = w**3 + 10*w**2 - 79*w - 45. Let j be s(-15). Calculate the greatest common factor of j and q.
15
Suppose -4*h = -3*s - 1228 - 482, 3*h - 5*s - 1277 = 0. What is the highest common factor of 13 and h?
13
Let a be (-5)/(-6) - 462/36. Let n be ((-54)/a + -4)/((-2)/(-96)). Calculate the greatest common divisor of 24 and n.
24
Let c(s) = 199*s - 1. Let b be c(6). Suppose 5*p = b + 427. Calculate the highest common divisor of p and 36.
36
Let h = -58 - -126. What is the highest common factor of h and 85?
17
Suppose -575 = -5*a - 5*b, -17*a - 2*b + 350 = -14*a. What is the greatest common factor of a and 320?
40
Let g = 303 - 237. Calculate the highest common divisor of 88 and g.
22
Let z be 0 + -2 - 438/(-24)*8. What is the greatest common factor of 180 and z?
36
Let j(u) = -27*u**3 + 1. Let w be 0 + (5/(-1) - -4). Let c be j(w). Calculate the greatest common divisor of c and 14.
14
Suppose g - 124 = -l - 19, g = 5. What is the greatest common divisor of 100 and l?
100
Let q be 27/(-2)*(504/(-27))/14. Calculate the highest common factor of 18 and q.
18
Let m be ((-140)/8)/(-7)*2. Suppose -3*j + 275 = m*n, 3*j = 2*n + 142 + 126. Let s = 3 + j. What is the highest common divisor of s and 62?
31
Let c = -59 - -61. Suppose q + 0*q = c*t + 9, 5*q - 45 = 4*t. What is the highest common factor of q and 45?
9
Let g(m) = 9*m - 21. Let w be (50 + -2)/6 - 3. Let z be g(w). Let y be -30*(-2 - (-8)/5). Calculate the highest common factor of z and y.
12
Let c = -132 + 70. Let f = c + 92. Calculate the greatest common factor of 12 and f.
6
Let c(r) = r**2 + 5*r - 3. Let v be c(4). Let p(f) = -f**3 - 4*f**2 - f - 3. Let k be p(-3). Let q = k + v. Calculate the highest common factor of 12 and q.
12
Let r = 233 + -160. Suppose -109 - r = -7*c. Calculate the highest common divisor of c and 78.
26
Suppose 96 = 3*k + 12. Let h be 8/k - (-12)/7. Suppose 5*f + 9 = 3*v + 34, v - 10 = -h*f. Calculate the highest common divisor of f and 2.
1
Let h(o) = 177*o**3 - o**2 - 14*o + 23. Let u be h(2). Calculate the greatest common divisor of u and 21.
21
Let u be (34 + 0)/(8 - 92/12). Calculate the highest common factor of 30 and u.
6
Let n be (21/6)/(-12*(-6)/2448). Calculate the highest common factor of 272 and n.
17
Suppose -21*y - 286 + 2302 = 0. Calculate the highest common factor of y and 1056.
96
Let n be (7 + -8)*(-2)/1. Suppose -234 = -n*d - 3*o, 172 = 4*d - 3*o - 278. Suppose d = 7*j - 5*j. Calculate the greatest common factor of 19 and j.
19
Let r(h) = -h**3 + 16*h**2 + 3*h - 23. Let k be r(12). Calculate the greatest common divisor of 31 and k.
31
Let n = 62 - 50. What is the highest common divisor of n and 48?
12
Suppose 0 = -4*o + 47*o - 11008. What is the highest common factor of 16 and o?
16
Let v be (-1431)/(-15) + -9 + (-3)/(-5). Suppose -4*n = 6*l - 5*l - v, -4*l + 18 = n. Calculate the greatest common factor of 176 and n.
22
Let w(c) = c**2 - 8*c + 6. Let p(d) = -2*d - 19. Let v be p(-13). Let l be w(v). Let i be (-10)/(-15)*(l + 190). What is the highest common factor of i and 18?
18
Suppose 2*j - 258 = 3*o, -8*j + 3*j + 655 = -5*o. Calculate the greatest common divisor of j and 90.
45
Let q = -273 - -945. Sup